{"id":2,"date":"2024-04-29T21:09:22","date_gmt":"2024-04-29T19:09:22","guid":{"rendered":"http:\/\/bru-artistepeintre.fr\/?page_id=2"},"modified":"2024-04-30T10:12:26","modified_gmt":"2024-04-30T08:12:26","slug":"page-d-exemple","status":"publish","type":"page","link":"https:\/\/bru-artistepeintre.fr\/","title":{"rendered":"Pr\u00e9sentation"},"content":{"rendered":"\n<figure class=\"wp-block-video\"><video height=\"252\" style=\"aspect-ratio: 700 \/ 252;\" width=\"700\" controls src=\"http:\/\/bru-artistepeintre.fr\/wp-content\/uploads\/2024\/04\/video-JBRU-artiste.mp4\"><\/video><\/figure>\n\n\n\n<p>Pendant plus de 30 ans, Jacques Bru a peint sans discontinuer, mais sans jamais exposer ! R\u00e9cemment, \u00e0 50 ans pass\u00e9s, l&#8217;artiste a enfin d\u00e9cid\u00e9 de partager son regard avec un public&#8230;<\/p>\n\n\n\n<p>Depuis son enfance, c\u2019est \u00e0 travers le dessin et la peinture que jacques Bru rend hommage \u00e0 la beaut\u00e9 de la nature. Inspir\u00e9 par les paysages, les lumi\u00e8res et les couleurs, il peint en prenant soin d\u2019\u00e9crire les sentiments et \u00e9motions que lui procure cet acte de cr\u00e9ation.<br><br>A l\u2019\u00e2ge adulte, jacques Bru va exprimer sa passion de la cr\u00e9ation \u00e0 travers l\u2019architecture\u00a0: il esquisse, dessine, d\u00e9cortique et reconstruit les perspectives, imagine, invente, cr\u00e9e et d\u00e9passe les conventions de la profession.<br><br>En parall\u00e8le de sa carri\u00e8re d\u2019architecte, il ne cessera jamais de peindre, en explorant les couleurs, les lignes, les mati\u00e8res, la lumi\u00e8re, le figuratif et l\u2019abstrait.<br><br>En 2000, un de ses amis d\u00e9couvre par hasard son atelier de peinture et l\u2019impressionnante collection qui y \u00ab\u00a0dort\u00a0\u00bb. Son cri de col\u00e8re \u00ab\u00a0 Bon sang, tu n\u2019es qu\u2019un \u00e9go\u00efste de garder \u00e7a pour toi\u00a0!!\u00bb d\u00e9cidera l\u2019artiste \u00e0 commencer \u00e0 exposer son travail\u2026<\/p>\n\n\n<div class=\"wp-block-image\">\n<figure class=\"aligncenter size-medium\"><img loading=\"lazy\" decoding=\"async\" width=\"225\" height=\"300\" src=\"https:\/\/bru-artistepeintre.fr\/wp-content\/uploads\/2024\/04\/JBRU-225x300.jpg\" alt=\"\" class=\"wp-image-8\" srcset=\"https:\/\/bru-artistepeintre.fr\/wp-content\/uploads\/2024\/04\/JBRU-225x300.jpg 225w, https:\/\/bru-artistepeintre.fr\/wp-content\/uploads\/2024\/04\/JBRU.jpg 500w\" sizes=\"auto, (max-width: 225px) 100vw, 225px\" \/><\/figure>\n<\/div>","protected":false},"excerpt":{"rendered":"<p>Pendant plus de 30 ans, Jacques Bru a peint sans discontinuer, mais sans jamais exposer ! R\u00e9cemment, \u00e0 50 ans pass\u00e9s, l&#8217;artiste a enfin d\u00e9cid\u00e9 de partager son regard avec un public&#8230; Depuis son enfance, c\u2019est \u00e0 travers le dessin et la peinture que jacques Bru rend hommage \u00e0 la beaut\u00e9 de la nature. Inspir\u00e9 [&hellip;]<\/p>\n","protected":false},"author":1,"featured_media":0,"parent":0,"menu_order":0,"comment_status":"closed","ping_status":"open","template":"","meta":{"ocean_post_layout":"","ocean_both_sidebars_style":"","ocean_both_sidebars_content_width":0,"ocean_both_sidebars_sidebars_width":0,"ocean_sidebar":"","ocean_second_sidebar":"","ocean_disable_margins":"enable","ocean_add_body_class":"","ocean_shortcode_before_top_bar":"","ocean_shortcode_after_top_bar":"","ocean_shortcode_before_header":"","ocean_shortcode_after_header":"","ocean_has_shortcode":"","ocean_shortcode_after_title":"","ocean_shortcode_before_footer_widgets":"","ocean_shortcode_after_footer_widgets":"","ocean_shortcode_before_footer_bottom":"","ocean_shortcode_after_footer_bottom":"","ocean_display_top_bar":"default","ocean_display_header":"default","ocean_header_style":"","ocean_center_header_left_menu":"","ocean_custom_header_template":"","ocean_custom_logo":0,"ocean_custom_retina_logo":0,"ocean_custom_logo_max_width":0,"ocean_custom_logo_tablet_max_width":0,"ocean_custom_logo_mobile_max_width":0,"ocean_custom_logo_max_height":0,"ocean_custom_logo_tablet_max_height":0,"ocean_custom_logo_mobile_max_height":0,"ocean_header_custom_menu":"","ocean_menu_typo_font_family":"","ocean_menu_typo_font_subset":"","ocean_menu_typo_font_size":0,"ocean_menu_typo_font_size_tablet":0,"ocean_menu_typo_font_size_mobile":0,"ocean_menu_typo_font_size_unit":"px","ocean_menu_typo_font_weight":"","ocean_menu_typo_font_weight_tablet":"","ocean_menu_typo_font_weight_mobile":"","ocean_menu_typo_transform":"","ocean_menu_typo_transform_tablet":"","ocean_menu_typo_transform_mobile":"","ocean_menu_typo_line_height":0,"ocean_menu_typo_line_height_tablet":0,"ocean_menu_typo_line_height_mobile":0,"ocean_menu_typo_line_height_unit":"","ocean_menu_typo_spacing":0,"ocean_menu_typo_spacing_tablet":0,"ocean_menu_typo_spacing_mobile":0,"ocean_menu_typo_spacing_unit":"","ocean_menu_link_color":"","ocean_menu_link_color_hover":"","ocean_menu_link_color_active":"","ocean_menu_link_background":"","ocean_menu_link_hover_background":"","ocean_menu_link_active_background":"","ocean_menu_social_links_bg":"","ocean_menu_social_hover_links_bg":"","ocean_menu_social_links_color":"","ocean_menu_social_hover_links_color":"","ocean_disable_title":"default","ocean_disable_heading":"default","ocean_post_title":"","ocean_post_subheading":"","ocean_post_title_style":"","ocean_post_title_background_color":"","ocean_post_title_background":0,"ocean_post_title_bg_image_position":"","ocean_post_title_bg_image_attachment":"","ocean_post_title_bg_image_repeat":"","ocean_post_title_bg_image_size":"","ocean_post_title_height":0,"ocean_post_title_bg_overlay":0.5,"ocean_post_title_bg_overlay_color":"","ocean_disable_breadcrumbs":"default","ocean_breadcrumbs_color":"","ocean_breadcrumbs_separator_color":"","ocean_breadcrumbs_links_color":"","ocean_breadcrumbs_links_hover_color":"","ocean_display_footer_widgets":"default","ocean_display_footer_bottom":"default","ocean_custom_footer_template":"","footnotes":""},"class_list":["post-2","page","type-page","status-publish","hentry","entry"],"_links":{"self":[{"href":"https:\/\/bru-artistepeintre.fr\/index.php\/wp-json\/wp\/v2\/pages\/2","targetHints":{"allow":["GET"]}}],"collection":[{"href":"https:\/\/bru-artistepeintre.fr\/index.php\/wp-json\/wp\/v2\/pages"}],"about":[{"href":"https:\/\/bru-artistepeintre.fr\/index.php\/wp-json\/wp\/v2\/types\/page"}],"author":[{"embeddable":true,"href":"https:\/\/bru-artistepeintre.fr\/index.php\/wp-json\/wp\/v2\/users\/1"}],"replies":[{"embeddable":true,"href":"https:\/\/bru-artistepeintre.fr\/index.php\/wp-json\/wp\/v2\/comments?post=2"}],"version-history":[{"count":3,"href":"https:\/\/bru-artistepeintre.fr\/index.php\/wp-json\/wp\/v2\/pages\/2\/revisions"}],"predecessor-version":[{"id":21,"href":"https:\/\/bru-artistepeintre.fr\/index.php\/wp-json\/wp\/v2\/pages\/2\/revisions\/21"}],"wp:attachment":[{"href":"https:\/\/bru-artistepeintre.fr\/index.php\/wp-json\/wp\/v2\/media?parent=2"}],"curies":[{"name":"wp","href":"https:\/\/api.w.org\/{rel}","templated":true}]}}